n factor of r and 10?
10
Suppose 4*y = 3*m - 12, -6*y + 39 = 3*m - y. Calculate the highest common divisor of 56 and m.
8
Suppose -3*i = -i - 12. Let r(h) = h - 1. Let w be r(-3). Let p = 13 + w. Calculate the highest common factor of p and i.
3
Suppose -r + 62 = -4*j, 3*r + 19 = -4*j + 189. What is the highest common factor of 145 and r?
29
Let p be (-3)/(-4) - (-9)/(-12). Let d be -1 - p/(-3) - -55. What is the highest common divisor of 6 and d?
6
Let j(u) = -u**3 - 22*u**2 + u + 34. Let t be j(-22). Calculate the highest common factor of 78 and t.
6
Let u be 27 - (2/(-1) - -3). Suppose -18*a = -14*a - 1144. Calculate the highest common divisor of u and a.
26
Let i(a) = 10*a**2 - a + 3. Let b be i(4). Suppose -2*p = -3*p - 4*f + 66, -f - b = -3*p. Calculate the greatest common divisor of 6 and p.
6
Suppose -4*o + c + 31 = 4*c, 5*o - 30 = 5*c. Calculate the greatest common factor of 7 and o.
7
Let p = 29 - 14. Let i = -3 + p. Calculate the greatest common factor of i and 12.
12
Let t = -73 - -102. Calculate the greatest common divisor of 58 and t.
29
Let s be 3 - (3/(-1))/(-3). Let i(y) = 1 + s + y + 5. Let c be i(0). What is the greatest common factor of 40 and c?
8
Let q = -17 + 27. Let u = 1 - -4. What is the highest common divisor of q and u?
5
Let k(v) = -5*v**2 + 1. Let c be k(-1). Let x be 4*(-2 + (-19)/c). What is the highest common divisor of 77 and x?
11
Suppose 0*w + w - 71 = -3*u, 4*w = 5*u + 199. What is the greatest common divisor of 16 and w?
8
Let x(y) = -223*y. Let n be x(4). Let t be (-1)/(-4) - n/16. Let j(f) = -7*f**3 - 2*f - 1. Let k be j(-1). What is the highest common divisor of t and k?
8
Suppose 6*g + 130 = g. Let r = 111 + g. Calculate the highest common divisor of 17 and r.
17
Suppose -5*l + l - 22 = u, 3*u + 21 = -3*l. Let z = 2 - l. Calculate the highest common divisor of 7 and z.
7
Let a = -6 - -36. What is the greatest common divisor of 3 and a?
3
Let m = -1 + 4. Let g be 1/(6/27)*2. Suppose m*a = -15, d - g = -a - 2. Calculate the highest common divisor of d and 8.
4
Let z be (-2 - 2)/(-2) - 2. Suppose -c + z = 7. Let u = c - -17. What is the highest common factor of u and 10?
10
Suppose 4*s + 2*w = 31 + 23, 2*w - 9 = -s. Suppose -36 = -4*n - 2*a, -3*n - 19 = -3*a - 55. What is the greatest common divisor of s and n?
5
Suppose -3*o - 24 = -0. Let d(u) = u**3 + 8*u**2 - 2*u - 6. Let i be d(o). Calculate the highest common divisor of 15 and i.
5
Let c = 1 + 8. Calculate the highest common factor of 36 and c.
9
Let u(r) = -r + 0 + 10*r + 3 - 6. Let c be u(7). Calculate the highest common divisor of c and 20.
20
Suppose 7 = 2*c + z - 10, -3*c = 3*z - 21. Suppose -4*j - 289 = -17. Let p be -1*(-1 - (1 - j)). Calculate the highest common factor of c and p.
10
Suppose 0 = o - 8 - 5. Suppose -2*t + 9 + o = 0. What is the highest common factor of t and 77?
11
Let r(u) = 3*u**2 - 3*u - 3. Let d be r(-4). Calculate the greatest common factor of d and 19.
19
Let v = 2 + 0. Suppose h + v = 3. Let c(b) = 11*b. Let a be c(h). Calculate the greatest common factor of a and 77.
11
Let o = -55 + 67. What is the highest common factor of o and 6?
6
Let g be (-57)/(-4) - 6/(-8). Suppose -3*n - 24 = -i, 3*i = -2*n - 8 + 47. Calculate the highest common divisor of i and g.
15
Let w(m) = m**3 - 6*m**2 + 5*m + 1. Let r be w(5). Let h be 70 - 2 - (3 + r). Calculate the highest common divisor of 160 and h.
32
Let b(y) = 37*y + 1. Let r be b(3). Calculate the greatest common factor of r and 14.
14
Let z = -6 - -3. Let r be z - -6 - 39*-1. Suppose 0 = 2*w + w + 2*k - 63, -5*k + r = 2*w. Calculate the greatest common divisor of w and 189.
21
Let k be (-4 - -4)/(-2 - -1). Let x be (k/1)/(-2) - -18. Suppose -54 = -0*i - 2*i. What is the highest common factor of x and i?
9
Let v be (2 + -1 + -7)*-1. Let u(r) = r - 2. Let z be u(v). Suppose 221 = -4*n - 4*q + 677, 2*n + z*q = 222. What is the highest common factor of n and 13?
13
Let l be (-1)/4 - 73/(-4). What is the greatest common factor of 18 and l?
18
Let m = 4 - 2. Let i(t) = 14*t + 44. Let o be i(-3). Calculate the highest common divisor of m and o.
2
Let i(b) = b**3 + 0*b**3 + 3 + 4*b - 1 + 3*b**2. Let t be i(-2). Let p be (-6)/((t/(-3))/(-1)). What is the highest common divisor of 3 and p?
3
Let f(x) = 0*x - x + x**2 + x - 8 + x. Let a be f(-6). What is the greatest common divisor of 110 and a?
22
Let m(j) = -j**3. Let o be m(0). Suppose 2*q = -4*w + q + 224, 3*w - 2*q - 157 = o. Calculate the highest common divisor of w and 11.
11
Let j(c) = 5*c - 22. Let b be j(7). Calculate the greatest common divisor of b and 104.
13
Let n = -468 - -716. Calculate the highest common divisor of 31 and n.
31
Let n(k) = -k + 42. Let o be n(-8). What is the highest common divisor of 350 and o?
50
Suppose 3*v + 2*w - 1798 = -v, 4*w = 4*v - 1816. Calculate the highest common divisor of 41 and v.
41
Suppose 156 = 5*b - 84. What is the greatest common divisor of 16 and b?
16
Suppose 0 = -3*i + 34 + 149. What is the greatest common factor of i and 61?
61
Let f = 669 + -361. Let q = 5 - 2. Suppose -q*h = h - f. Calculate the greatest common divisor of h and 7.
7
Let m(g) = 14*g - 68. Let y be m(6). What is the highest common divisor of y and 20?
4
Suppose -3*y - 9 - 6 = 0. Let p(l) be the third derivative of -l**4/12 + l**3/3 + l**2. Let r be p(y). Calculate the highest common divisor of 120 and r.
12
Suppose w = 2*f + 10, f + 0*f = 4*w - 75. Let h = 6 - 2. What is the greatest common divisor of w and h?
4
Suppose 2*f = f. Suppose f*c - 28 = -c. What is the highest common divisor of 4 and c?
4
Suppose -5*s = -4*l + 89, 4*l + 19 = s + 104. Suppose 0 = 18*f - l*f + 36. What is the greatest common divisor of f and 24?
12
Suppose -4*t + h - 16 = 4*h, t + 4*h + 4 = 0. Let g(k) = -k**3 - 2*k**2 + 5*k + 4. Let j be g(t). What is the greatest common divisor of 8 and j?
8
Let c = 5 - 8. Let k be 6*c/6 + 18. Calculate the highest common factor of 60 and k.
15
Suppose 4*s = -s - 10. Let n = s - -2. Let l be (n - 22/4)*-2. What is the greatest common divisor of l and 33?
11
Let s(q) = 2*q**3 - 6*q**2 - 1. Suppose 0 = 3*l - 6*l + 15. Let c be s(l). Let k(u) = u**3 + 1. Let a be k(2). Calculate the greatest common divisor of c and a.
9
Suppose -10*r = -9*r - 209. What is the greatest common divisor of 11 and r?
11
Suppose -5 = -d + 6. Let u(y) = y**2 - 11*y + 8. Let j be u(d). Calculate the highest common factor of 1 and j.
1
Let b be ((-196)/42)/((-2)/30). Calculate the greatest common divisor of b and 10.
10
Let x(u) = -u**2 + 25*u - 10. Let n be x(15). What is the highest common divisor of n and 20?
20
Let u be -2 + 4/(4/7). Suppose 2*b + 2 = 5*b - u*s, 5*b - 12 = 4*s. Calculate the highest common divisor of 36 and b.
4
Let b be (-8 + 0)/(1 - 3). Let r(t) = 2*t**2 - 6*t + 3. Let v be r(b). Calculate the greatest common divisor of v and 88.
11
Let v(b) = b**2 - 3*b - 4. Let l be v(4). Let h be 1*-1 - (-452)/4. Suppose 4*y - 2*y - h = l. Calculate the highest common factor of 7 and y.
7
Suppose 15 = 3*j + 9. Suppose -b + 0*b - 7 = -h, -5*h + 4*b = -34. Calculate the greatest common factor of h and j.
2
Let c = 23 - 9. Let q be (-1 + -2)/(3/(-2)). Calculate the greatest common divisor of c and q.
2
Let a = -30 + 42. Let g = 1 + 1. Let k = g + 4. What is the greatest common factor of a and k?
6
Let l be 2/4*2 - -61. What is the greatest common divisor of l and 155?
31
Let h(c) = 2*c**2 - 8*c + 1. Let k be h(9). What is the highest common factor of 13 and k?
13
Let k = 14 - -10. Calculate the highest common divisor of 16 and k.
8
Suppose -17 = -y + 2*y - 3*k, 0 = 2*y - 4*k + 44. Let c = y - -50. What is the greatest common divisor of c and 198?
18
Let j be (-2)/7 + 408/56. Calculate the highest common factor of j and 7.
7
Let i = -63 + 118. Suppose -25 = 3*n - 91. Calculate the highest common divisor of n and i.
11
Suppose -3*u - 11 = -4*y, -y = -3*u - 2 + 6. Let q = y + -4. What is the highest common factor of 7 and q?
1
Let t(s) = s**3 + 9*s**2 - 7*s - 9. Let v be t(-9). Calculate the greatest common divisor of 36 and v.
18
Let g(o) = 2*o**2 - 8*o + 1. Let u be g(-6). Calculate the highest common divisor of 11 and u.
11
Let u(c) be the first derivative of -11*c**4/4 - 2*c**3/3 + c - 1. Let l be u(-1). Let f be 40/6*(-